CRAN Package Check Results for Package RcmdrPlugin.FactoMineR

Last updated on 2021-09-19 13:49:30 CEST.

Flavor Version Tinstall Tcheck Ttotal Status Flags
r-devel-linux-x86_64-debian-clang 1.7 32.63 172.17 204.80 OK
r-devel-linux-x86_64-debian-gcc 1.7 27.00 128.37 155.37 OK
r-devel-linux-x86_64-fedora-clang 1.7 268.13 OK
r-devel-linux-x86_64-fedora-gcc 1.7 250.92 OK
r-devel-windows-x86_64 1.7 28.00 193.00 221.00 OK
r-devel-windows-x86_64-gcc10-UCRT 1.7 ERROR
r-patched-linux-x86_64 1.7 32.77 164.45 197.22 OK
r-patched-solaris-x86 1.7 390.20 OK
r-release-linux-x86_64 1.7 32.74 166.11 198.85 OK
r-release-macos-arm64 1.7 OK
r-release-macos-x86_64 1.7 OK
r-release-windows-ix86+x86_64 1.7 56.00 180.00 236.00 OK
r-oldrel-macos-x86_64 1.7 OK
r-oldrel-windows-ix86+x86_64 1.7 54.00 129.00 183.00 OK

Check Details

Version: 1.7
Check: whether package can be installed
Result: WARN
    Found the following significant warnings:
     WARNING: installation-time patches will not be applied, could not get the patches index
Flavor: r-devel-windows-x86_64-gcc10-UCRT

Version: 1.7
Check: PDF version of manual
Result: WARN
    LaTeX errors when creating PDF version.
    This typically indicates Rd problems.
Flavor: r-devel-windows-x86_64-gcc10-UCRT

Version: 1.7
Check: PDF version of manual without hyperrefs or index
Result: ERROR
    Re-running with no redirection of stdout/stderr.
Flavor: r-devel-windows-x86_64-gcc10-UCRT