CRAN Package Check Results for Package RcmdrPlugin.Export

Last updated on 2021-09-19 13:49:30 CEST.

Flavor Version Tinstall Tcheck Ttotal Status Flags
r-devel-linux-x86_64-debian-clang 0.3-1 17.10 132.12 149.22 OK
r-devel-linux-x86_64-debian-gcc 0.3-1 14.51 101.10 115.61 OK
r-devel-linux-x86_64-fedora-clang 0.3-1 189.44 OK
r-devel-linux-x86_64-fedora-gcc 0.3-1 175.70 OK
r-devel-windows-x86_64 0.3-1 21.00 172.00 193.00 OK
r-devel-windows-x86_64-gcc10-UCRT 0.3-1 ERROR
r-patched-linux-x86_64 0.3-1 16.33 127.09 143.42 OK
r-patched-solaris-x86 0.3-1 276.60 OK
r-release-linux-x86_64 0.3-1 15.94 126.58 142.52 OK
r-release-macos-arm64 0.3-1 OK
r-release-macos-x86_64 0.3-1 OK
r-release-windows-ix86+x86_64 0.3-1 39.00 161.00 200.00 OK
r-oldrel-macos-x86_64 0.3-1 OK
r-oldrel-windows-ix86+x86_64 0.3-1 40.00 113.00 153.00 OK

Check Details

Version: 0.3-1
Check: whether package can be installed
Result: WARN
    Found the following significant warnings:
     WARNING: installation-time patches will not be applied, could not get the patches index
Flavor: r-devel-windows-x86_64-gcc10-UCRT

Version: 0.3-1
Check: PDF version of manual
Result: WARN
    LaTeX errors when creating PDF version.
    This typically indicates Rd problems.
Flavor: r-devel-windows-x86_64-gcc10-UCRT

Version: 0.3-1
Check: PDF version of manual without hyperrefs or index
Result: ERROR
    Re-running with no redirection of stdout/stderr.
Flavor: r-devel-windows-x86_64-gcc10-UCRT