CRAN Package Check Results for Package RcmdrPlugin.EcoVirtual

Last updated on 2021-09-20 01:49:01 CEST.

Flavor Version Tinstall Tcheck Ttotal Status Flags
r-devel-linux-x86_64-debian-clang 1.0 18.77 139.64 158.41 OK
r-devel-linux-x86_64-debian-gcc 1.0 15.78 104.86 120.64 OK
r-devel-linux-x86_64-fedora-clang 1.0 202.19 OK
r-devel-linux-x86_64-fedora-gcc 1.0 188.39 OK
r-devel-windows-x86_64 1.0 21.00 111.00 132.00 OK
r-devel-windows-x86_64-gcc10-UCRT 1.0 ERROR
r-patched-linux-x86_64 1.0 18.38 131.59 149.97 OK
r-patched-solaris-x86 1.0 287.70 OK
r-release-linux-x86_64 1.0 17.87 132.86 150.73 OK
r-release-macos-arm64 1.0 OK
r-release-macos-x86_64 1.0 OK
r-release-windows-ix86+x86_64 1.0 41.00 160.00 201.00 OK
r-oldrel-macos-x86_64 1.0 OK
r-oldrel-windows-ix86+x86_64 1.0 42.00 120.00 162.00 OK

Check Details

Version: 1.0
Check: whether package can be installed
Result: WARN
    Found the following significant warnings:
     WARNING: installation-time patches will not be applied, could not get the patches index
Flavor: r-devel-windows-x86_64-gcc10-UCRT

Version: 1.0
Check: PDF version of manual
Result: WARN
    LaTeX errors when creating PDF version.
    This typically indicates Rd problems.
Flavor: r-devel-windows-x86_64-gcc10-UCRT

Version: 1.0
Check: PDF version of manual without hyperrefs or index
Result: ERROR
    Re-running with no redirection of stdout/stderr.
Flavor: r-devel-windows-x86_64-gcc10-UCRT