CRAN Package Check Results for Package RcmdrPlugin.EBM

Last updated on 2021-09-20 01:49:01 CEST.

Flavor Version Tinstall Tcheck Ttotal Status Flags
r-devel-linux-x86_64-debian-clang 1.0-10 18.28 140.11 158.39 OK
r-devel-linux-x86_64-debian-gcc 1.0-10 15.06 105.63 120.69 OK
r-devel-linux-x86_64-fedora-clang 1.0-10 198.54 OK
r-devel-linux-x86_64-fedora-gcc 1.0-10 200.00 OK
r-devel-windows-x86_64 1.0-10 19.00 112.00 131.00 OK
r-devel-windows-x86_64-gcc10-UCRT 1.0-10 ERROR
r-patched-linux-x86_64 1.0-10 15.58 132.75 148.33 OK
r-patched-solaris-x86 1.0-10 269.00 OK
r-release-linux-x86_64 1.0-10 16.22 132.15 148.37 OK
r-release-macos-arm64 1.0-10 OK
r-release-macos-x86_64 1.0-10 OK
r-release-windows-ix86+x86_64 1.0-10 41.00 162.00 203.00 OK
r-oldrel-macos-x86_64 1.0-10 OK
r-oldrel-windows-ix86+x86_64 1.0-10 41.00 114.00 155.00 OK

Check Details

Version: 1.0-10
Check: whether package can be installed
Result: WARN
    Found the following significant warnings:
     WARNING: installation-time patches will not be applied, could not get the patches index
Flavor: r-devel-windows-x86_64-gcc10-UCRT

Version: 1.0-10
Check: PDF version of manual
Result: WARN
    LaTeX errors when creating PDF version.
    This typically indicates Rd problems.
Flavor: r-devel-windows-x86_64-gcc10-UCRT

Version: 1.0-10
Check: PDF version of manual without hyperrefs or index
Result: ERROR
    Re-running with no redirection of stdout/stderr.
Flavor: r-devel-windows-x86_64-gcc10-UCRT