CRAN Package Check Results for Package RcmdrPlugin.DCE

Last updated on 2021-09-19 13:49:30 CEST.

Flavor Version Tinstall Tcheck Ttotal Status Flags
r-devel-linux-x86_64-debian-clang 0.1-2 17.08 126.06 143.14 OK
r-devel-linux-x86_64-debian-gcc 0.1-2 12.75 95.54 108.29 OK
r-devel-linux-x86_64-fedora-clang 0.1-2 184.68 OK
r-devel-linux-x86_64-fedora-gcc 0.1-2 168.03 OK
r-devel-windows-x86_64 0.1-2 18.00 157.00 175.00 OK
r-devel-windows-x86_64-gcc10-UCRT 0.1-2 ERROR
r-patched-linux-x86_64 0.1-2 21.62 119.19 140.81 OK
r-patched-solaris-x86 0.1-2 247.80 OK
r-release-linux-x86_64 0.1-2 16.80 118.77 135.57 OK
r-release-macos-arm64 0.1-2 OK
r-release-macos-x86_64 0.1-2 OK
r-release-windows-ix86+x86_64 0.1-2 38.00 147.00 185.00 OK
r-oldrel-macos-x86_64 0.1-2 OK
r-oldrel-windows-ix86+x86_64 0.1-2 38.00 110.00 148.00 OK

Check Details

Version: 0.1-2
Check: whether package can be installed
Result: WARN
    Found the following significant warnings:
     WARNING: installation-time patches will not be applied, could not get the patches index
Flavor: r-devel-windows-x86_64-gcc10-UCRT

Version: 0.1-2
Check: PDF version of manual
Result: WARN
    LaTeX errors when creating PDF version.
    This typically indicates Rd problems.
Flavor: r-devel-windows-x86_64-gcc10-UCRT

Version: 0.1-2
Check: PDF version of manual without hyperrefs or index
Result: ERROR
    Re-running with no redirection of stdout/stderr.
Flavor: r-devel-windows-x86_64-gcc10-UCRT