CRAN Package Check Results for Package RcmdrPlugin.DCCV

Last updated on 2021-09-20 01:49:01 CEST.

Flavor Version Tinstall Tcheck Ttotal Status Flags
r-devel-linux-x86_64-debian-clang 0.1-1 16.13 120.97 137.10 OK
r-devel-linux-x86_64-debian-gcc 0.1-1 13.28 91.27 104.55 OK
r-devel-linux-x86_64-fedora-clang 0.1-1 177.45 OK
r-devel-linux-x86_64-fedora-gcc 0.1-1 163.70 OK
r-devel-windows-x86_64 0.1-1 16.00 101.00 117.00 OK
r-devel-windows-x86_64-gcc10-UCRT 0.1-1 ERROR
r-patched-linux-x86_64 0.1-1 16.42 114.53 130.95 OK
r-patched-solaris-x86 0.1-1 260.20 OK
r-release-linux-x86_64 0.1-1 14.94 115.29 130.23 OK
r-release-macos-arm64 0.1-1 OK
r-release-macos-x86_64 0.1-1 OK
r-release-windows-ix86+x86_64 0.1-1 38.00 145.00 183.00 OK
r-oldrel-macos-x86_64 0.1-1 OK
r-oldrel-windows-ix86+x86_64 0.1-1 37.00 106.00 143.00 OK

Check Details

Version: 0.1-1
Check: whether package can be installed
Result: WARN
    Found the following significant warnings:
     WARNING: installation-time patches will not be applied, could not get the patches index
Flavor: r-devel-windows-x86_64-gcc10-UCRT

Version: 0.1-1
Check: PDF version of manual
Result: WARN
    LaTeX errors when creating PDF version.
    This typically indicates Rd problems.
Flavor: r-devel-windows-x86_64-gcc10-UCRT

Version: 0.1-1
Check: PDF version of manual without hyperrefs or index
Result: ERROR
    Re-running with no redirection of stdout/stderr.
Flavor: r-devel-windows-x86_64-gcc10-UCRT