CRAN Package Check Results for Package RcmdrPlugin.BiclustGUI

Last updated on 2021-08-01 13:49:48 CEST.

Flavor Version Tinstall Tcheck Ttotal Status Flags
r-devel-linux-x86_64-debian-clang 1.1.3 55.97 380.91 436.88 NOTE
r-devel-linux-x86_64-debian-gcc 1.1.3 45.21 287.99 333.20 NOTE
r-devel-linux-x86_64-fedora-clang 1.1.3 537.57 NOTE
r-devel-linux-x86_64-fedora-gcc 1.1.3 532.76 NOTE
r-devel-windows-x86_64 1.1.3 68.00 396.00 464.00 NOTE
r-devel-windows-x86_64-gcc10-UCRT 1.1.3 NOTE
r-patched-linux-x86_64 1.1.3 NOTE
r-patched-solaris-x86 1.1.3 753.90 NOTE
r-release-linux-x86_64 1.1.3 53.62 362.29 415.91 NOTE
r-release-macos-arm64 1.1.3 ERROR
r-release-macos-x86_64 1.1.3 NOTE
r-release-windows-ix86+x86_64 1.1.3 103.00 385.00 488.00 NOTE
r-oldrel-macos-x86_64 1.1.3 NOTE
r-oldrel-windows-ix86+x86_64 1.1.3 95.00 355.00 450.00 NOTE

Check Details

Version: 1.1.3
Check: package dependencies
Result: NOTE
    Depends: includes the non-default packages:
     'biclust', 'fabia', 'iBBiG', 'superbiclust', 'BcDiag', 'BicARE',
     's4vd', 'BiBitR'
    Adding so many packages to the search path is excessive and importing
    selectively is preferable.
Flavors: r-devel-linux-x86_64-debian-clang, r-devel-linux-x86_64-debian-gcc, r-devel-linux-x86_64-fedora-clang, r-devel-linux-x86_64-fedora-gcc, r-devel-windows-x86_64, r-devel-windows-x86_64-gcc10-UCRT, r-patched-linux-x86_64, r-patched-solaris-x86, r-release-linux-x86_64, r-release-windows-ix86+x86_64, r-oldrel-windows-ix86+x86_64

Version: 1.1.3
Check: package dependencies
Result: ERROR
    Packages required but not available:
     'fabia', 'iBBiG', 'superbiclust', 'BcDiag', 'BicARE'
    
    Package suggested but not available for checking: ‘rqubic’
    
    Depends: includes the non-default packages:
     'biclust', 'fabia', 'iBBiG', 'superbiclust', 'BcDiag', 'BicARE',
     's4vd', 'BiBitR'
    Adding so many packages to the search path is excessive and importing
    selectively is preferable.
    
    See section ‘The DESCRIPTION file’ in the ‘Writing R Extensions’
    manual.
Flavor: r-release-macos-arm64

Version: 1.1.3
Check: package dependencies
Result: NOTE
    Package suggested but not available for checking: ‘rqubic’
    
    Depends: includes the non-default packages:
     'biclust', 'fabia', 'iBBiG', 'superbiclust', 'BcDiag', 'BicARE',
     's4vd', 'BiBitR'
    Adding so many packages to the search path is excessive and importing
    selectively is preferable.
Flavors: r-release-macos-x86_64, r-oldrel-macos-x86_64