CRAN Package Check Results for Package RclusTool

Last updated on 2024-02-27 18:49:26 CET.

Flavor Version Tinstall Tcheck Ttotal Status Flags
r-devel-linux-x86_64-debian-clang 0.91.5 30.77 208.63 239.40 WARN
r-devel-linux-x86_64-debian-gcc 0.91.5 22.15 155.57 177.72 WARN
r-devel-linux-x86_64-fedora-clang 0.91.5 323.01 WARN
r-devel-linux-x86_64-fedora-gcc 0.91.5 256.54 NOTE
r-devel-windows-x86_64 0.91.5 23.00 190.00 213.00 NOTE
r-patched-linux-x86_64 0.91.5 23.56 182.35 205.91 OK
r-release-linux-x86_64 0.91.5 22.55 180.96 203.51 WARN
r-release-macos-arm64 0.91.5 85.00 OK
r-release-macos-x86_64 0.91.5 142.00 OK
r-release-windows-x86_64 0.91.5 33.00 205.00 238.00 WARN
r-oldrel-macos-arm64 0.91.5 69.00 OK
r-oldrel-windows-x86_64 0.91.5 29.00 179.00 208.00 WARN

Check Details

Version: 0.91.5
Check: whether package can be installed
Result: WARN Found the following significant warnings: Warning: replacing previous import ‘mclust::softmax’ by ‘mda::softmax’ when loading ‘RclusTool’ Flavors: r-devel-linux-x86_64-debian-clang, r-devel-linux-x86_64-debian-gcc, r-devel-linux-x86_64-fedora-clang, r-release-linux-x86_64, r-release-windows-x86_64, r-oldrel-windows-x86_64

Version: 0.91.5
Check: Rd \usage sections
Result: NOTE Documented arguments not in \usage in Rd file 'makeTitle.Rd': ‘string:’ ‘length:’ ‘prefix.length:’ ‘char:’ Documented arguments not in \usage in Rd file 'messageConsole.Rd': ‘message:’ Documented arguments not in \usage in Rd file 'tkEmptyLine.Rd': ‘tk.object:’ ‘row:’ Functions with \usage entries need to have the appropriate \alias entries, and all their arguments documented. The \usage entries must correspond to syntactically valid R code. See chapter ‘Writing R documentation files’ in the ‘Writing R Extensions’ manual. Flavors: r-devel-linux-x86_64-debian-clang, r-devel-linux-x86_64-debian-gcc, r-devel-linux-x86_64-fedora-clang, r-devel-linux-x86_64-fedora-gcc, r-devel-windows-x86_64

Version: 0.91.5
Check: package dependencies
Result: NOTE Imports includes 23 non-default packages. Importing from so many packages makes the package vulnerable to any of them becoming unavailable. Move as many as possible to Suggests and use conditionally. Flavor: r-devel-linux-x86_64-fedora-clang