CRAN Package Check Results for Package Rborist

Last updated on 2024-02-29 06:54:18 CET.

Flavor Version Tinstall Tcheck Ttotal Status Flags
r-devel-linux-x86_64-debian-clang 0.3-7 303.99 43.62 347.61 OK
r-devel-linux-x86_64-debian-gcc 0.3-7 225.97 34.96 260.93 OK
r-devel-linux-x86_64-fedora-clang 0.3-7 625.31 OK
r-devel-linux-x86_64-fedora-gcc 0.3-7 528.46 OK
r-devel-windows-x86_64 0.3-7 220.00 88.00 308.00 OK
r-patched-linux-x86_64 0.3-7 291.33 44.23 335.56 OK
r-release-linux-x86_64 0.3-7 283.84 43.75 327.59 OK
r-release-macos-arm64 0.3-7 101.00 NOTE
r-release-macos-x86_64 0.3-7 136.00 NOTE
r-release-windows-x86_64 0.3-7 227.00 105.00 332.00 OK
r-oldrel-macos-arm64 0.3-7 97.00 NOTE
r-oldrel-windows-x86_64 0.3-7 259.00 96.00 355.00 OK

Check Details

Version: 0.3-7
Check: installed package size
Result: NOTE installed size is 14.0Mb sub-directories of 1Mb or more: libs 13.8Mb Flavors: r-release-macos-arm64, r-release-macos-x86_64, r-oldrel-macos-arm64