CRAN Package Check Results for Package RavenR

Last updated on 2021-06-14 07:48:47 CEST.

Flavor Version Tinstall Tcheck Ttotal Status Flags
r-devel-linux-x86_64-debian-clang 2.1.0 11.43 139.44 150.87 OK
r-devel-linux-x86_64-debian-gcc 2.1.0 10.43 102.93 113.36 OK
r-devel-linux-x86_64-fedora-clang 2.1.0 184.75 NOTE
r-devel-linux-x86_64-fedora-gcc 2.1.0 170.71 NOTE
r-devel-windows-x86_64 2.1.0 21.00 132.00 153.00 OK
r-devel-windows-x86_64-gcc10-UCRT 2.1.0 NOTE
r-patched-solaris-x86 2.1.0 226.20 NOTE
r-release-linux-x86_64 2.1.0 10.37 128.93 139.30 OK
r-release-macos-arm64 2.0.9 NOTE
r-release-macos-x86_64 2.1.0 NOTE
r-release-windows-ix86+x86_64 2.1.0 21.00 174.00 195.00 OK
r-oldrel-macos-x86_64 2.1.0 NOTE

Check Details

Version: 2.1.0
Check: dependencies in R code
Result: NOTE
    Namespaces in Imports field not imported from:
     ‘deldir’ ‘lifecycle’
     All declared Imports should be used.
Flavors: r-devel-linux-x86_64-fedora-clang, r-devel-linux-x86_64-fedora-gcc, r-devel-windows-x86_64-gcc10-UCRT, r-patched-solaris-x86, r-release-macos-x86_64, r-oldrel-macos-x86_64

Version: 2.0.9
Check: dependencies in R code
Result: NOTE
    Namespaces in Imports field not imported from:
     ‘lifecycle’ ‘rgdal’ ‘rgeos’
     All declared Imports should be used.
Flavor: r-release-macos-arm64