CRAN Package Check Results for Package RationalMatrix

Last updated on 2024-02-24 18:55:00 CET.

Flavor Version Tinstall Tcheck Ttotal Status Flags
r-devel-linux-x86_64-debian-clang 1.0.0 48.55 28.42 76.97 OK
r-devel-linux-x86_64-debian-gcc 1.0.0 37.44 22.56 60.00 OK
r-devel-linux-x86_64-fedora-clang 1.0.0 99.83 OK
r-devel-linux-x86_64-fedora-gcc 1.0.0 105.06 OK
r-devel-windows-x86_64 1.0.0 34.00 69.00 103.00 OK
r-patched-linux-x86_64 1.0.0 46.87 28.58 75.45 OK
r-release-linux-x86_64 1.0.0 45.96 28.32 74.28 OK
r-release-macos-arm64 1.0.0 37.00 NOTE
r-release-macos-x86_64 1.0.0 48.00 NOTE
r-release-windows-x86_64 1.0.0 43.00 74.00 117.00 OK
r-oldrel-macos-arm64 1.0.0 33.00 NOTE
r-oldrel-windows-x86_64 1.0.0 41.00 74.00 115.00 OK

Check Details

Version: 1.0.0
Check: installed package size
Result: NOTE installed size is 13.1Mb sub-directories of 1Mb or more: libs 13.0Mb Flavors: r-release-macos-arm64, r-release-macos-x86_64, r-oldrel-macos-arm64