CRAN Package Check Results for Package Rarefy

Last updated on 2021-07-23 19:50:13 CEST.

Flavor Version Tinstall Tcheck Ttotal Status Flags
r-devel-linux-x86_64-debian-clang 1.1 28.46 589.22 617.68 OK
r-devel-linux-x86_64-debian-gcc 1.1 0.37 2.25 2.62 ERROR
r-devel-linux-x86_64-fedora-clang 1.1 716.28 OK
r-devel-linux-x86_64-fedora-gcc 1.1 697.44 OK
r-devel-windows-x86_64 1.1 34.00 461.00 495.00 OK
r-devel-windows-x86_64-gcc10-UCRT 1.1 OK
r-patched-linux-x86_64 1.1 31.53 527.74 559.27 OK
r-patched-solaris-x86 1.1 1055.20 OK
r-release-linux-x86_64 1.1 25.90 543.84 569.74 OK
r-release-macos-arm64 1.1 OK
r-release-macos-x86_64 1.1 OK
r-release-windows-ix86+x86_64 1.1 65.00 455.00 520.00 OK
r-oldrel-macos-x86_64 1.1 OK
r-oldrel-windows-ix86+x86_64 1.1 66.00 584.00 650.00 OK

Check Details

Version: 1.1
Check: package dependencies
Result: ERROR
    Packages required but not available: 'adiv', 'geiger'
    
    Packages suggested but not available for checking:
     'phyloregion', 'phytools'
    
    See section ‘The DESCRIPTION file’ in the ‘Writing R Extensions’
    manual.
Flavor: r-devel-linux-x86_64-debian-gcc