CRAN Package Check Results for Package RankAggreg

Last updated on 2023-06-02 22:01:22 CEST.

Flavor Version Tinstall Tcheck Ttotal Status Flags
r-devel-linux-x86_64-debian-clang 0.6.6 2.90 49.09 51.99 OK
r-devel-linux-x86_64-debian-gcc 0.6.6 2.74 37.15 39.89 OK
r-devel-linux-x86_64-fedora-clang 0.6.6 66.60 OK
r-devel-linux-x86_64-fedora-gcc 0.6.6 80.05 OK
r-devel-windows-x86_64 0.6.6 5.00 78.00 83.00 OK
r-patched-linux-x86_64 0.6.6 OK
r-release-linux-x86_64 0.6.6 3.62 47.74 51.36 OK
r-release-macos-arm64 0.6.6 34.00 OK
r-release-macos-x86_64 0.6.6 50.00 NOTE
r-release-windows-x86_64 0.6.6 6.00 76.00 82.00 OK
r-oldrel-macos-arm64 0.6.6 30.00 OK
r-oldrel-macos-x86_64 0.6.6 38.00 OK
r-oldrel-windows-x86_64 0.6.6 7.00 79.00 86.00 OK

Check Details

Version: 0.6.6
Check: re-building of vignette outputs
Result: NOTE
    Error(s) in re-building vignettes:
    --- re-building ‘RankAggreg.Rnw’ using Sweave
    Loading required package: cluster
    Package 'mclust' version 6.0.0
    Type 'citation("mclust")' for citing this R package in publications.
    
    Attaching package: ‘kohonen’
    
    The following object is masked from ‘package:mclust’:
    
     map
    
    Error: processing vignette 'RankAggreg.Rnw' failed with diagnostics:
    Running 'texi2dvi' on 'RankAggreg.tex' failed.
    LaTeX errors:
    ! LaTeX Error: File `relsize.sty' not found.
    
    Type X to quit or <RETURN> to proceed,
    or enter new name. (Default extension: sty)
    
    ! Emergency stop.
    <read *>
    
    l.28 \usepackage
     [mathcal]{euscript}^^M
    ! ==> Fatal error occurred, no output PDF file produced!
    --- failed re-building ‘RankAggreg.Rnw’
    
    SUMMARY: processing the following file failed:
     ‘RankAggreg.Rnw’
    
    Error: Vignette re-building failed.
    Execution halted
Flavor: r-release-macos-x86_64