CRAN Package Check Results for Package RandMeta

Last updated on 2024-06-17 00:50:08 CEST.

Flavor Version Tinstall Tcheck Ttotal Status Flags
r-devel-linux-x86_64-debian-clang 0.1.0 3.83 23.99 27.82 NOTE
r-devel-linux-x86_64-debian-gcc 0.1.0 3.36 18.94 22.30 NOTE
r-devel-linux-x86_64-fedora-clang 0.1.0 36.98 NOTE
r-devel-linux-x86_64-fedora-gcc 0.1.0 34.69 NOTE
r-devel-windows-x86_64 0.1.0 4.00 36.00 40.00 NOTE
r-patched-linux-x86_64 0.1.0 4.19 23.88 28.07 NOTE
r-release-linux-x86_64 0.1.0 4.22 23.98 28.20 NOTE
r-release-macos-arm64 0.1.0 18.00 NOTE
r-release-macos-x86_64 0.1.0 22.00 NOTE
r-release-windows-x86_64 0.1.0 4.00 35.00 39.00 NOTE
r-oldrel-macos-arm64 0.1.0 16.00 NOTE
r-oldrel-macos-x86_64 0.1.0 22.00 NOTE
r-oldrel-windows-x86_64 0.1.0 4.00 36.00 40.00 NOTE

Check Details

Version: 0.1.0
Check: LazyData
Result: NOTE 'LazyData' is specified without a 'data' directory Flavors: r-devel-linux-x86_64-debian-clang, r-devel-linux-x86_64-debian-gcc, r-devel-linux-x86_64-fedora-clang, r-devel-linux-x86_64-fedora-gcc, r-devel-windows-x86_64, r-patched-linux-x86_64, r-release-linux-x86_64, r-release-macos-arm64, r-release-macos-x86_64, r-release-windows-x86_64, r-oldrel-macos-arm64, r-oldrel-macos-x86_64, r-oldrel-windows-x86_64