CRAN Package Check Results for Package RaceID

Last updated on 2021-09-23 22:56:04 CEST.

Flavor Version Tinstall Tcheck Ttotal Status Flags
r-devel-linux-x86_64-debian-clang 0.2.3 47.78 598.13 645.91 OK
r-devel-linux-x86_64-debian-gcc 0.2.3 34.67 411.86 446.53 OK
r-devel-linux-x86_64-fedora-clang 0.2.3 777.66 NOTE
r-devel-linux-x86_64-fedora-gcc 0.2.3 613.81 OK
r-devel-windows-x86_64 0.2.3 46.00 525.00 571.00 NOTE
r-devel-windows-x86_64-gcc10-UCRT 0.2.3 OK
r-patched-linux-x86_64 0.2.3 42.72 571.44 614.16 OK
r-patched-solaris-x86 0.2.3 480.00 NOTE
r-release-linux-x86_64 0.2.3 38.69 570.46 609.15 OK
r-release-macos-arm64 0.2.3 NOTE
r-release-macos-x86_64 0.2.3 NOTE
r-release-windows-ix86+x86_64 0.2.3 103.00 884.00 987.00 NOTE
r-oldrel-macos-x86_64 0.2.3 NOTE
r-oldrel-windows-ix86+x86_64 0.2.3 76.00 636.00 712.00 NOTE

Check Details

Version: 0.2.3
Check: package dependencies
Result: NOTE
    Imports includes 22 non-default packages.
    Importing from so many packages makes the package vulnerable to any of
    them becoming unavailable. Move as many as possible to Suggests and
    use conditionally.
Flavor: r-devel-linux-x86_64-fedora-clang

Version: 0.2.3
Check: installed package size
Result: NOTE
     installed size is 9.6Mb
     sub-directories of 1Mb or more:
     data 2.1Mb
     doc 5.8Mb
     libs 1.0Mb
Flavors: r-devel-linux-x86_64-fedora-clang, r-devel-windows-x86_64, r-patched-solaris-x86, r-release-macos-arm64, r-release-macos-x86_64, r-release-windows-ix86+x86_64, r-oldrel-macos-x86_64, r-oldrel-windows-ix86+x86_64

Version: 0.2.3
Check: package dependencies
Result: NOTE
    Packages suggested but not available for checking:
     'batchelor', 'DESeq2', 'SummarizedExperiment'
Flavor: r-release-macos-arm64

Version: 0.2.3
Check: package dependencies
Result: NOTE
    Package suggested but not available for checking: ‘batchelor’
Flavors: r-release-macos-x86_64, r-oldrel-macos-x86_64