CRAN Package Check Results for Package RWildbook

Last updated on 2021-08-01 07:52:04 CEST.

Flavor Version Tinstall Tcheck Ttotal Status Flags
r-devel-linux-x86_64-debian-clang 0.9.3 10.82 99.09 109.91 OK
r-devel-linux-x86_64-debian-gcc 0.9.3 8.39 76.06 84.45 OK
r-devel-linux-x86_64-fedora-clang 0.9.3 139.07 NOTE
r-devel-linux-x86_64-fedora-gcc 0.9.3 127.40 NOTE
r-devel-windows-x86_64 0.9.3 12.00 126.00 138.00 OK
r-devel-windows-x86_64-gcc10-UCRT 0.9.3 NOTE
r-patched-linux-x86_64 0.9.3 OK
r-patched-solaris-x86 0.9.3 186.70 NOTE
r-release-linux-x86_64 0.9.3 8.65 93.12 101.77 OK
r-release-macos-arm64 0.9.3 NOTE
r-release-macos-x86_64 0.9.3 NOTE
r-release-windows-ix86+x86_64 0.9.3 24.00 126.00 150.00 OK
r-oldrel-macos-x86_64 0.9.3 NOTE
r-oldrel-windows-ix86+x86_64 0.9.3 17.00 124.00 141.00 OK

Check Details

Version: 0.9.3
Check: data for non-ASCII characters
Result: NOTE
     Note: found 6 marked UTF-8 strings
Flavors: r-devel-linux-x86_64-fedora-clang, r-devel-linux-x86_64-fedora-gcc, r-devel-windows-x86_64-gcc10-UCRT, r-patched-solaris-x86, r-release-macos-arm64, r-release-macos-x86_64, r-oldrel-macos-x86_64