CRAN Package Check Results for Package RWBP

Last updated on 2021-10-21 07:50:08 CEST.

Flavor Version Tinstall Tcheck Ttotal Status Flags
r-devel-linux-x86_64-debian-clang 1.0 2.69 33.42 36.11 NOTE
r-devel-linux-x86_64-debian-gcc 1.0 2.16 26.70 28.86 NOTE
r-devel-linux-x86_64-fedora-clang 1.0 55.06 NOTE
r-devel-linux-x86_64-fedora-gcc 1.0 44.05 NOTE
r-devel-windows-x86_64 1.0 6.00 62.00 68.00 NOTE
r-devel-windows-x86_64-gcc10-UCRT 1.0 ERROR
r-patched-linux-x86_64 1.0 2.47 32.34 34.81 NOTE
r-patched-solaris-x86 1.0 73.00 NOTE
r-release-linux-x86_64 1.0 2.59 32.17 34.76 NOTE
r-release-macos-arm64 1.0 NOTE
r-release-macos-x86_64 1.0 NOTE
r-release-windows-ix86+x86_64 1.0 4.00 51.00 55.00 NOTE
r-oldrel-macos-x86_64 1.0 NOTE
r-oldrel-windows-ix86+x86_64 1.0 6.00 54.00 60.00 NOTE

Check Details

Version: 1.0
Check: R code for possible problems
Result: NOTE
    RWBP.default: no visible global function definition for 'na.omit'
    RWBP.default: no visible global function definition for 'kmeans'
    RWBP.formula: no visible global function definition for 'model.extract'
    predict.RWBP: no visible global function definition for 'head'
    Undefined global functions or variables:
     head kmeans model.extract na.omit
    Consider adding
     importFrom("stats", "kmeans", "model.extract", "na.omit")
     importFrom("utils", "head")
    to your NAMESPACE file.
Flavors: r-devel-linux-x86_64-debian-clang, r-devel-linux-x86_64-debian-gcc, r-devel-linux-x86_64-fedora-clang, r-devel-linux-x86_64-fedora-gcc, r-devel-windows-x86_64, r-patched-linux-x86_64, r-patched-solaris-x86, r-release-linux-x86_64, r-release-macos-arm64, r-release-macos-x86_64, r-release-windows-ix86+x86_64, r-oldrel-macos-x86_64, r-oldrel-windows-ix86+x86_64

Version: 1.0
Check: package dependencies
Result: ERROR
    Package required but not available: 'igraph'
    
    See section 'The DESCRIPTION file' in the 'Writing R Extensions'
    manual.
Flavor: r-devel-windows-x86_64-gcc10-UCRT