CRAN Package Check Results for Package RUVIIIC

Last updated on 2022-11-27 06:53:07 CET.

Flavor Version Tinstall Tcheck Ttotal Status Flags
r-devel-linux-x86_64-debian-clang 1.0.19 197.69 101.09 298.78 OK
r-devel-linux-x86_64-debian-gcc 1.0.19 168.63 84.26 252.89 OK
r-devel-linux-x86_64-fedora-clang 1.0.19 368.94 OK
r-devel-linux-x86_64-fedora-gcc 1.0.19 404.32 OK
r-devel-windows-x86_64 1.0.19 117.00 152.00 269.00 OK
r-patched-linux-x86_64 1.0.19 174.28 105.11 279.39 OK
r-release-linux-x86_64 1.0.19 177.26 106.09 283.35 OK
r-release-macos-arm64 1.0.19 100.00 NOTE
r-release-macos-x86_64 1.0.19 126.00 NOTE
r-release-windows-x86_64 1.0.19 112.00 154.00 266.00 OK
r-oldrel-macos-arm64 1.0.19 105.00 NOTE
r-oldrel-macos-x86_64 1.0.19 170.00 NOTE
r-oldrel-windows-ix86+x86_64 1.0.19 397.00 188.00 585.00 OK

Check Details

Version: 1.0.19
Check: installed package size
Result: NOTE
     installed size is 47.0Mb
     sub-directories of 1Mb or more:
     libs 46.4Mb
Flavors: r-release-macos-arm64, r-release-macos-x86_64, r-oldrel-macos-arm64, r-oldrel-macos-x86_64