CRAN Package Check Results for Package RTOMO

Last updated on 2021-09-19 13:49:33 CEST.

Flavor Version Tinstall Tcheck Ttotal Status Flags
r-devel-linux-x86_64-debian-clang 1.1-6 8.62 80.15 88.77 OK
r-devel-linux-x86_64-debian-gcc 1.1-6 7.45 59.68 67.13 OK
r-devel-linux-x86_64-fedora-clang 1.1-6 113.64 OK
r-devel-linux-x86_64-fedora-gcc 1.1-6 99.74 OK
r-devel-windows-x86_64 1.1-6 10.00 109.00 119.00 OK
r-devel-windows-x86_64-gcc10-UCRT 1.1-6 ERROR
r-patched-linux-x86_64 1.1-6 9.20 74.17 83.37 OK
r-patched-solaris-x86 1.1-6 145.70 OK
r-release-linux-x86_64 1.1-6 8.65 74.77 83.42 OK
r-release-macos-arm64 1.1-6 OK
r-release-macos-x86_64 1.1-6 OK
r-release-windows-ix86+x86_64 1.1-6 21.00 101.00 122.00 OK
r-oldrel-macos-x86_64 1.1-6 OK
r-oldrel-windows-ix86+x86_64 1.1-6 21.00 82.00 103.00 OK

Check Details

Version: 1.1-6
Check: whether package can be installed
Result: WARN
    Found the following significant warnings:
     WARNING: installation-time patches will not be applied, could not get the patches index
Flavor: r-devel-windows-x86_64-gcc10-UCRT

Version: 1.1-6
Check: PDF version of manual
Result: WARN
    LaTeX errors when creating PDF version.
    This typically indicates Rd problems.
Flavor: r-devel-windows-x86_64-gcc10-UCRT

Version: 1.1-6
Check: PDF version of manual without hyperrefs or index
Result: ERROR
    Re-running with no redirection of stdout/stderr.
Flavor: r-devel-windows-x86_64-gcc10-UCRT