CRAN Package Check Results for Package RStoolbox

Last updated on 2021-06-24 01:50:35 CEST.

Flavor Version Tinstall Tcheck Ttotal Status Flags
r-devel-linux-x86_64-debian-clang 0.2.6 151.25 427.51 578.76 OK
r-devel-linux-x86_64-debian-gcc 0.2.6 99.07 316.03 415.10 OK
r-devel-linux-x86_64-fedora-clang 0.2.6 735.56 NOTE
r-devel-linux-x86_64-fedora-gcc 0.2.6 677.15 OK
r-devel-windows-x86_64 0.2.6 177.00 455.00 632.00 OK
r-devel-windows-x86_64-gcc10-UCRT 0.2.6 OK
r-patched-linux-x86_64 0.2.6 118.25 401.64 519.89 OK
r-patched-solaris-x86 0.2.6 792.10 OK
r-release-linux-x86_64 0.2.6 116.80 401.10 517.90 OK
r-release-macos-arm64 0.2.6 NOTE
r-release-macos-x86_64 0.2.6 NOTE
r-release-windows-ix86+x86_64 0.2.6 249.00 567.00 816.00 OK
r-oldrel-macos-x86_64 0.2.6 NOTE

Check Details

Version: 0.2.6
Check: installed package size
Result: NOTE
     installed size is 5.4Mb
     sub-directories of 1Mb or more:
     libs 3.9Mb
Flavors: r-devel-linux-x86_64-fedora-clang, r-release-macos-arm64, r-release-macos-x86_64, r-oldrel-macos-x86_64