CRAN Package Check Results for Package RPtests

Last updated on 2022-12-04 06:49:29 CET.

Flavor Version Tinstall Tcheck Ttotal Status Flags
r-devel-linux-x86_64-debian-clang 0.1.5 23.77 84.37 108.14 OK
r-devel-linux-x86_64-debian-gcc 0.1.5 20.26 64.51 84.77 OK
r-devel-linux-x86_64-fedora-clang 0.1.5 151.31 NOTE
r-devel-linux-x86_64-fedora-gcc 0.1.5 142.29 OK
r-devel-windows-x86_64 0.1.5 26.00 133.00 159.00 OK
r-patched-linux-x86_64 0.1.5 21.73 80.52 102.25 OK
r-release-linux-x86_64 0.1.5 20.68 79.97 100.65 OK
r-release-macos-arm64 0.1.5 39.00 OK
r-release-macos-x86_64 0.1.5 55.00 OK
r-release-windows-x86_64 0.1.5 38.00 141.00 179.00 OK
r-oldrel-macos-arm64 0.1.5 48.00 OK
r-oldrel-macos-x86_64 0.1.5 50.00 OK
r-oldrel-windows-ix86+x86_64 0.1.5 59.00 150.00 209.00 OK

Check Details

Version: 0.1.5
Check: Rd cross-references
Result: NOTE
    Undeclared package ‘scalreg’ in Rd xrefs
Flavor: r-devel-linux-x86_64-fedora-clang