CRAN Package Check Results for Package ROpenFIGI

Last updated on 2021-08-02 22:54:47 CEST.

Flavor Version Tinstall Tcheck Ttotal Status Flags
r-devel-linux-x86_64-debian-clang 0.2.8 1.88 25.82 27.70 NOTE
r-devel-linux-x86_64-debian-gcc 0.2.8 1.67 20.71 22.38 NOTE
r-devel-linux-x86_64-fedora-clang 0.2.8 42.66 NOTE
r-devel-linux-x86_64-fedora-gcc 0.2.8 32.24 NOTE
r-devel-windows-x86_64 0.2.8 3.00 47.00 50.00 NOTE
r-devel-windows-x86_64-gcc10-UCRT 0.2.8 NOTE
r-patched-linux-x86_64 0.2.8 NOTE
r-patched-solaris-x86 0.2.8 50.90 NOTE
r-release-linux-x86_64 0.2.8 2.00 24.94 26.94 NOTE
r-release-macos-arm64 0.2.8 NOTE
r-release-macos-x86_64 0.2.8 NOTE
r-release-windows-ix86+x86_64 0.2.8 5.00 31.00 36.00 NOTE
r-oldrel-macos-x86_64 0.2.8 OK
r-oldrel-windows-ix86+x86_64 0.2.8 3.00 40.00 43.00 OK

Check Details

Version: 0.2.8
Check: LazyData
Result: NOTE
     'LazyData' is specified without a 'data' directory
Flavors: r-devel-linux-x86_64-debian-clang, r-devel-linux-x86_64-debian-gcc, r-devel-linux-x86_64-fedora-clang, r-devel-linux-x86_64-fedora-gcc, r-devel-windows-x86_64, r-devel-windows-x86_64-gcc10-UCRT, r-patched-linux-x86_64, r-patched-solaris-x86, r-release-linux-x86_64, r-release-macos-arm64, r-release-macos-x86_64, r-release-windows-ix86+x86_64