CRAN Package Check Results for Package ROCR

Last updated on 2022-11-28 18:52:27 CET.

Flavor Version Tinstall Tcheck Ttotal Status Flags
r-devel-linux-x86_64-debian-clang 1.0-11 6.00 127.62 133.62 NOTE
r-devel-linux-x86_64-debian-gcc 1.0-11 3.85 101.68 105.53 NOTE
r-devel-linux-x86_64-fedora-clang 1.0-11 171.09 NOTE
r-devel-linux-x86_64-fedora-gcc 1.0-11 165.47 NOTE
r-devel-windows-x86_64 1.0-11 24.00 167.00 191.00 NOTE
r-patched-linux-x86_64 1.0-11 3.33 125.15 128.48 OK
r-release-linux-x86_64 1.0-11 3.89 127.69 131.58 OK
r-release-macos-arm64 1.0-11 49.00 OK
r-release-macos-x86_64 1.0-11 78.00 OK
r-release-windows-x86_64 1.0-11 29.00 172.00 201.00 OK
r-oldrel-macos-arm64 1.0-11 59.00 OK
r-oldrel-macos-x86_64 1.0-11 109.00 OK
r-oldrel-windows-ix86+x86_64 1.0-11 11.00 174.00 185.00 OK

Check Details

Version: 1.0-11
Check: Rd files
Result: NOTE
    checkRd: (-1) performance.Rd:35: Escaped LaTeX specials: \#
    checkRd: (-1) performance.Rd:36: Escaped LaTeX specials: \# \# \#
    checkRd: (-1) performance.Rd:37: Escaped LaTeX specials: \# \#
Flavors: r-devel-linux-x86_64-debian-clang, r-devel-linux-x86_64-debian-gcc, r-devel-linux-x86_64-fedora-clang, r-devel-linux-x86_64-fedora-gcc, r-devel-windows-x86_64