CRAN Package Check Results for Package RNifti

Last updated on 2021-11-26 19:53:03 CET.

Flavor Version Tinstall Tcheck Ttotal Status Flags
r-devel-linux-x86_64-debian-clang 1.3.1 39.73 37.57 77.30 OK
r-devel-linux-x86_64-debian-gcc 1.3.1 28.23 29.30 57.53 OK
r-devel-linux-x86_64-fedora-clang 1.3.1 110.43 OK
r-devel-linux-x86_64-fedora-gcc 1.3.1 99.54 OK
r-devel-windows-x86_64-new-UL 1.3.1 82.00 105.00 187.00 OK
r-devel-windows-x86_64-new-TK 1.3.1 OK
r-devel-windows-x86_64-old 1.3.1 39.00 72.00 111.00 OK
r-patched-linux-x86_64 1.3.1 33.96 36.36 70.32 OK
r-patched-solaris-x86 1.3.1 115.50 OK
r-release-linux-x86_64 1.3.1 OK
r-release-macos-arm64 1.3.1 NOTE
r-release-macos-x86_64 1.3.1 NOTE
r-release-windows-ix86+x86_64 1.3.1 96.00 79.00 175.00 OK
r-oldrel-macos-x86_64 1.3.1 NOTE
r-oldrel-windows-ix86+x86_64 1.3.1 70.00 91.00 161.00 OK

Check Details

Version: 1.3.1
Check: installed package size
Result: NOTE
     installed size is 6.3Mb
     sub-directories of 1Mb or more:
     libs 5.1Mb
Flavors: r-release-macos-arm64, r-release-macos-x86_64, r-oldrel-macos-x86_64