CRAN Package Check Results for Package RNetCDF

Last updated on 2022-11-30 20:55:23 CET.

Flavor Version Tinstall Tcheck Ttotal Status Flags
r-devel-linux-x86_64-debian-clang 2.6-1 20.84 45.68 66.52 WARN
r-devel-linux-x86_64-debian-gcc 2.6-1 14.23 35.03 49.26 WARN
r-devel-linux-x86_64-fedora-clang 2.6-1 90.19 WARN
r-devel-linux-x86_64-fedora-gcc 2.6-1 85.22 WARN
r-devel-windows-x86_64 2.6-1 106.00 136.00 242.00 NOTE
r-patched-linux-x86_64 2.6-1 14.31 42.33 56.64 OK
r-release-linux-x86_64 2.6-1 13.54 41.91 55.45 OK
r-release-macos-arm64 2.6-1 44.00 NOTE
r-release-macos-x86_64 2.6-1 58.00 NOTE
r-release-windows-x86_64 2.6-1 128.00 137.00 265.00 NOTE
r-oldrel-macos-arm64 2.6-1 44.00 NOTE
r-oldrel-macos-x86_64 2.6-1 67.00 NOTE
r-oldrel-windows-ix86+x86_64 2.6-1 46.00 185.00 231.00 NOTE

Check Details

Version: 2.6-1
Check: whether package can be installed
Result: WARN
    Found the following significant warnings:
     ./RNetCDF.h:149:13: warning: a function declaration without a prototype is deprecated in all versions of C [-Wstrict-prototypes]
     udunits.c:385:13: warning: a function declaration without a prototype is deprecated in all versions of C [-Wstrict-prototypes]
Flavors: r-devel-linux-x86_64-debian-clang, r-devel-linux-x86_64-fedora-clang

Version: 2.6-1
Check: whether package can be installed
Result: WARN
    Found the following significant warnings:
     RNetCDF.h:149:1: warning: function declaration isn’t a prototype [-Wstrict-prototypes]
     udunits.c:385:1: warning: function declaration isn’t a prototype [-Wstrict-prototypes]
Flavors: r-devel-linux-x86_64-debian-gcc, r-devel-linux-x86_64-fedora-gcc

Version: 2.6-1
Check: installed package size
Result: NOTE
     installed size is 10.8Mb
     sub-directories of 1Mb or more:
     libs 10.4Mb
Flavors: r-devel-windows-x86_64, r-release-macos-arm64, r-release-macos-x86_64, r-release-windows-x86_64, r-oldrel-macos-arm64, r-oldrel-macos-x86_64, r-oldrel-windows-ix86+x86_64

Version: 2.6-1
Check: package dependencies
Result: NOTE
    Package which this enhances but not available for checking: ‘pbdMPI’
Flavors: r-release-macos-arm64, r-release-macos-x86_64, r-oldrel-macos-arm64, r-oldrel-macos-x86_64

Version: 2.6-1
Check: Rd cross-references
Result: NOTE
    Package unavailable to check Rd xrefs: ‘pbdMPI’
Flavors: r-release-macos-arm64, r-release-macos-x86_64, r-oldrel-macos-arm64, r-oldrel-macos-x86_64