Last updated on 2023-01-30 12:55:29 CET.
Flavor | Version | Tinstall | Tcheck | Ttotal | Status | Flags |
---|---|---|---|---|---|---|
r-devel-linux-x86_64-debian-clang | 1.0.1 | 50.24 | 40.03 | 90.27 | OK | |
r-devel-linux-x86_64-debian-gcc | 1.0.1 | 37.00 | 31.14 | 68.14 | NOTE | |
r-devel-linux-x86_64-fedora-clang | 1.0.1 | 130.16 | NOTE | |||
r-devel-linux-x86_64-fedora-gcc | 1.0.1 | 128.85 | NOTE | |||
r-devel-windows-x86_64 | 1.0.1 | 53.00 | 99.00 | 152.00 | NOTE | |
r-patched-linux-x86_64 | 1.0.1 | 42.08 | 39.61 | 81.69 | OK | |
r-release-linux-x86_64 | 1.0.1 | 41.20 | 39.64 | 80.84 | OK | |
r-release-macos-arm64 | 1.0.1 | 29.00 | OK | |||
r-release-macos-x86_64 | 1.0.1 | 46.00 | OK | |||
r-release-windows-x86_64 | 1.0.1 | 46.00 | 95.00 | 141.00 | OK | |
r-oldrel-macos-arm64 | 1.0.1 | 30.00 | OK | |||
r-oldrel-macos-x86_64 | 1.0.1 | 56.00 | OK | |||
r-oldrel-windows-ix86+x86_64 | 1.0.1 | 120.00 | 105.00 | 225.00 | OK |
Version: 1.0.1
Check: C++ specification
Result: NOTE
Specified C++11: please update to current default of C++17
Flavors: r-devel-linux-x86_64-debian-gcc, r-devel-linux-x86_64-fedora-clang, r-devel-linux-x86_64-fedora-gcc, r-devel-windows-x86_64