CRAN Package Check Results for Package RNCEP

Last updated on 2021-09-24 22:53:06 CEST.

Flavor Version Tinstall Tcheck Ttotal Status Flags
r-devel-linux-x86_64-debian-clang 1.0.10 19.78 109.74 129.52 OK
r-devel-linux-x86_64-debian-gcc 1.0.10 15.14 81.83 96.97 OK
r-devel-linux-x86_64-fedora-clang 1.0.10 163.58 NOTE
r-devel-linux-x86_64-fedora-gcc 1.0.10 153.72 OK
r-devel-windows-x86_64 1.0.10 17.00 85.00 102.00 OK
r-devel-windows-x86_64-gcc10-UCRT 1.0.10 OK
r-patched-linux-x86_64 1.0.10 24.29 103.80 128.09 OK
r-patched-solaris-x86 1.0.10 219.20 OK --no-examples
r-release-linux-x86_64 1.0.10 17.63 104.72 122.35 OK
r-release-macos-arm64 1.0.10 OK
r-release-macos-x86_64 1.0.10 OK
r-release-windows-ix86+x86_64 1.0.10 30.00 111.00 141.00 OK
r-oldrel-macos-x86_64 1.0.10 OK
r-oldrel-windows-ix86+x86_64 1.0.10 21.00 80.00 101.00 OK

Check Details

Version: 1.0.10
Check: Rd cross-references
Result: NOTE
    Undeclared packages ‘fossil’, ‘raster’ in Rd xrefs
Flavor: r-devel-linux-x86_64-fedora-clang