Last updated on 2023-09-26 13:08:41 CEST.
Flavor | Version | Tinstall | Tcheck | Ttotal | Status | Flags |
---|---|---|---|---|---|---|
r-devel-linux-x86_64-debian-clang | 0.1.4 | 36.73 | 482.01 | 518.74 | OK | |
r-devel-linux-x86_64-debian-gcc | 0.1.4 | 28.37 | 364.82 | 393.19 | OK | |
r-devel-linux-x86_64-fedora-clang | 0.1.4 | 636.98 | NOTE | |||
r-devel-linux-x86_64-fedora-gcc | 0.1.4 | 712.76 | OK | |||
r-devel-windows-x86_64 | 0.1.4 | 30.00 | 377.00 | 407.00 | NOTE | |
r-patched-linux-x86_64 | 0.1.4 | 24.97 | 488.26 | 513.23 | OK | |
r-release-linux-x86_64 | 0.1.4 | 25.23 | 487.32 | 512.55 | OK | |
r-release-macos-arm64 | 0.1.4 | 6.00 | ERROR | |||
r-release-macos-x86_64 | 0.1.4 | 334.00 | NOTE | |||
r-release-windows-x86_64 | 0.1.4 | 42.00 | 482.00 | 524.00 | NOTE | |
r-oldrel-macos-arm64 | 0.1.4 | 190.00 | NOTE | |||
r-oldrel-macos-x86_64 | 0.1.4 | 260.00 | NOTE | |||
r-oldrel-windows-x86_64 | 0.1.4 | 50.00 | 538.00 | 588.00 | NOTE |
Version: 0.1.4
Check: package dependencies
Result: NOTE
Imports includes 24 non-default packages.
Importing from so many packages makes the package vulnerable to any of
them becoming unavailable. Move as many as possible to Suggests and
use conditionally.
Flavor: r-devel-linux-x86_64-fedora-clang
Version: 0.1.4
Check: installed package size
Result: NOTE
installed size is 5.8Mb
sub-directories of 1Mb or more:
data 3.4Mb
doc 2.2Mb
Flavors: r-devel-linux-x86_64-fedora-clang, r-devel-windows-x86_64, r-release-macos-x86_64, r-release-windows-x86_64, r-oldrel-macos-arm64, r-oldrel-macos-x86_64, r-oldrel-windows-x86_64
Version: 0.1.4
Check: package dependencies
Result: ERROR
Package required but not available: ‘AnnotationHub’
Package suggested but not available for checking: ‘recount3’
See section ‘The DESCRIPTION file’ in the ‘Writing R Extensions’
manual.
Flavor: r-release-macos-arm64
Version: 0.1.4
Check: package dependencies
Result: NOTE
Package suggested but not available for checking: ‘recount3’
Flavors: r-release-macos-x86_64, r-oldrel-macos-arm64, r-oldrel-macos-x86_64