CRAN Package Check Results for Package RMaCzek

Last updated on 2021-12-07 20:52:51 CET.

Flavor Version Tinstall Tcheck Ttotal Status Flags
r-devel-linux-x86_64-debian-clang 1.3.5 4.16 42.70 46.86 ERROR
r-devel-linux-x86_64-debian-gcc 1.3.5 3.42 34.48 37.90 ERROR
r-devel-linux-x86_64-fedora-clang 1.3.5 61.52 OK
r-devel-linux-x86_64-fedora-gcc 1.3.5 52.09 OK
r-devel-windows-x86_64-new-UL 1.3.5 11.00 75.00 86.00 OK
r-devel-windows-x86_64-new-TK 1.3.5 ERROR
r-devel-windows-x86_64-old 1.3.5 7.00 55.00 62.00 ERROR
r-patched-linux-x86_64 1.3.5 4.36 43.42 47.78 OK
r-release-linux-x86_64 1.3.5 4.05 43.25 47.30 OK
r-release-macos-arm64 1.3.5 OK
r-release-macos-x86_64 1.3.5 OK
r-release-windows-ix86+x86_64 1.3.5 6.00 57.00 63.00 OK
r-oldrel-macos-x86_64 1.3.5 OK
r-oldrel-windows-ix86+x86_64 1.3.5 9.00 56.00 65.00 OK

Check Details

Version: 1.3.5
Check: examples
Result: ERROR
    Running examples in 'RMaCzek-Ex.R' failed
    The error most likely occurred in:
    
    > base::assign(".ptime", proc.time(), pos = "CheckExEnv")
    > ### Name: RMaCzek
    > ### Title: RMaCzek: A package that can produce Czekanowski's diagram
    > ### Aliases: RMaCzek RMaCzek-package
    > ### Keywords: hplot
    >
    > ### ** Examples
    >
    > # Set data ####
    > x<-czek_matrix(mtcars)
    Error in ser_permutation_vector(order, method = method$name) :
     'list' object cannot be coerced to type 'integer'
    Calls: czek_matrix ... seriate.dist -> ser_permutation -> ser_permutation_vector
    Execution halted
Flavors: r-devel-linux-x86_64-debian-clang, r-devel-linux-x86_64-debian-gcc

Version: 1.3.5
Check: examples
Result: ERROR
    Running examples in 'RMaCzek-Ex.R' failed
    The error most likely occurred in:
    
    > ### Name: RMaCzek
    > ### Title: RMaCzek: A package that can produce Czekanowski's diagram
    > ### Aliases: RMaCzek RMaCzek-package
    > ### Keywords: hplot
    >
    > ### ** Examples
    >
    > # Set data ####
    > x<-czek_matrix(mtcars)
    Error in ser_permutation_vector(order, method = method$name) :
     'list' object cannot be coerced to type 'integer'
    Calls: czek_matrix ... seriate.dist -> ser_permutation -> ser_permutation_vector
    Execution halted
Flavors: r-devel-windows-x86_64-new-TK, r-devel-windows-x86_64-old