CRAN Package Check Results for Package RKEEL

Last updated on 2021-09-18 13:53:49 CEST.

Flavor Version Tinstall Tcheck Ttotal Status Flags
r-devel-linux-x86_64-debian-clang 1.3.3 111.62 106.25 217.87 OK
r-devel-linux-x86_64-debian-gcc 1.3.3 79.77 81.69 161.46 OK
r-devel-linux-x86_64-fedora-clang 1.3.3 274.44 NOTE
r-devel-linux-x86_64-fedora-gcc 1.3.3 269.74 NOTE
r-devel-windows-x86_64 1.3.3 101.00 170.00 271.00 OK
r-devel-windows-x86_64-gcc10-UCRT 1.3.3 NOTE
r-patched-linux-x86_64 1.3.3 98.20 94.56 192.76 OK
r-release-linux-x86_64 1.3.3 97.10 93.49 190.59 OK
r-release-macos-arm64 1.3.3 NOTE
r-release-macos-x86_64 1.3.3 NOTE
r-release-windows-ix86+x86_64 1.3.3 155.00 139.00 294.00 OK
r-oldrel-macos-x86_64 1.3.3 NOTE
r-oldrel-windows-ix86+x86_64 1.3.3 151.00 101.00 252.00 OK

Check Details

Version: 1.3.3
Check: dependencies in R code
Result: NOTE
    Namespaces in Imports field not imported from:
     ‘Matrix’ ‘arules’ ‘pmml’ ‘rJava’
     All declared Imports should be used.
Flavors: r-devel-linux-x86_64-fedora-clang, r-devel-linux-x86_64-fedora-gcc, r-devel-windows-x86_64-gcc10-UCRT, r-release-macos-arm64, r-release-macos-x86_64, r-oldrel-macos-x86_64