CRAN Package Check Results for Package RJcluster

Last updated on 2022-09-27 12:53:02 CEST.

Flavor Version Tinstall Tcheck Ttotal Status Flags
r-devel-linux-x86_64-debian-clang 3.2.4 121.68 54.47 176.15 OK
r-devel-linux-x86_64-debian-gcc 3.2.4 96.56 41.57 138.13 OK
r-devel-linux-x86_64-fedora-clang 3.2.4 271.65 OK
r-devel-linux-x86_64-fedora-gcc 3.2.4 247.89 OK
r-devel-windows-x86_64 3.2.4 108.00 108.00 216.00 OK
r-patched-linux-x86_64 3.2.4 108.93 52.52 161.45 OK
r-release-linux-x86_64 3.2.4 102.77 52.78 155.55 OK
r-release-macos-arm64 3.2.4 56.00 OK
r-release-macos-x86_64 3.2.4 78.00 OK
r-release-windows-x86_64 3.2.4 100.00 106.00 206.00 OK
r-oldrel-macos-arm64 3.2.4 53.00 NOTE
r-oldrel-macos-x86_64 3.2.4 72.00 OK
r-oldrel-windows-ix86+x86_64 3.2.4 294.00 118.00 412.00 OK

Check Details

Version: 3.2.4
Check: installed package size
Result: NOTE
     installed size is 5.3Mb
     sub-directories of 1Mb or more:
     libs 5.0Mb
Flavor: r-oldrel-macos-arm64