CRAN Package Check Results for Package RJDBC

Last updated on 2024-06-17 11:57:37 CEST.

Flavor Version Tinstall Tcheck Ttotal Status Flags
r-devel-linux-x86_64-debian-clang 0.2-10 5.45 46.77 52.22 NOTE
r-devel-linux-x86_64-debian-gcc 0.2-10 5.12 35.25 40.37 NOTE
r-devel-linux-x86_64-fedora-clang 0.2-10 65.99 NOTE
r-devel-linux-x86_64-fedora-gcc 0.2-10 62.91 NOTE
r-devel-windows-x86_64 0.2-10 6.00 58.00 64.00 OK
r-patched-linux-x86_64 0.2-10 5.60 45.07 50.67 NOTE
r-release-linux-x86_64 0.2-10 4.26 44.42 48.68 NOTE
r-release-macos-arm64 0.2-10 22.00 NOTE
r-release-macos-x86_64 0.2-10 35.00 NOTE
r-release-windows-x86_64 0.2-10 6.00 59.00 65.00 OK
r-oldrel-macos-arm64 0.2-10 23.00 OK
r-oldrel-macos-x86_64 0.2-10 33.00 OK
r-oldrel-windows-x86_64 0.2-10 5.00 62.00 67.00 OK

Check Details

Version: 0.2-10
Check: DESCRIPTION meta-information
Result: NOTE License stub is invalid DCF. Flavors: r-devel-linux-x86_64-debian-clang, r-devel-linux-x86_64-debian-gcc, r-patched-linux-x86_64, r-release-linux-x86_64, r-release-macos-arm64, r-release-macos-x86_64

Version: 0.2-10
Check: DESCRIPTION meta-information
Result: NOTE Licence stub is invalid DCF. Flavors: r-devel-linux-x86_64-fedora-clang, r-devel-linux-x86_64-fedora-gcc