CRAN Package Check Results for Package RIA

Last updated on 2024-06-13 06:58:16 CEST.

Flavor Version Tinstall Tcheck Ttotal Status Flags
r-devel-linux-x86_64-debian-clang 1.7.2 8.44 52.34 60.78 OK
r-devel-linux-x86_64-debian-gcc 1.7.2 6.39 38.84 45.23 NOTE
r-devel-linux-x86_64-fedora-clang 1.7.2 74.11 OK
r-devel-linux-x86_64-fedora-gcc 1.7.2 69.65 OK
r-devel-windows-x86_64 1.7.2 8.00 55.00 63.00 OK
r-patched-linux-x86_64 1.7.2 10.36 49.48 59.84 OK
r-release-linux-x86_64 1.7.2 8.20 49.34 57.54 OK
r-release-macos-arm64 1.7.2 20.00 OK
r-release-macos-x86_64 1.7.2 36.00 OK
r-release-windows-x86_64 1.7.2 8.00 57.00 65.00 OK
r-oldrel-macos-arm64 1.7.2 26.00 OK
r-oldrel-macos-x86_64 1.7.2 56.00 OK
r-oldrel-windows-x86_64 1.7.2 10.00 61.00 71.00 OK

Check Details

Version: 1.7.2
Check: package dependencies
Result: NOTE Package suggested but not available for checking: ‘nat’ Flavor: r-devel-linux-x86_64-debian-gcc