CRAN Package Check Results for Package RGraphics

Last updated on 2021-09-25 13:51:59 CEST.

Flavor Version Tinstall Tcheck Ttotal Status Flags
r-devel-linux-x86_64-debian-clang 3.0-2 11.97 85.75 97.72 OK
r-devel-linux-x86_64-debian-gcc 3.0-2 9.74 63.27 73.01 OK
r-devel-linux-x86_64-fedora-clang 3.0-2 124.20 OK
r-devel-linux-x86_64-fedora-gcc 3.0-2 111.55 OK
r-devel-windows-x86_64 3.0-2 15.00 75.00 90.00 OK
r-devel-windows-x86_64-gcc10-UCRT 3.0-2 OK
r-patched-linux-x86_64 3.0-2 14.50 77.28 91.78 OK
r-patched-solaris-x86 3.0-2 150.20 NOTE
r-release-linux-x86_64 3.0-2 11.89 80.12 92.01 OK
r-release-macos-arm64 3.0-2 NOTE
r-release-macos-x86_64 3.0-2 OK
r-release-windows-ix86+x86_64 3.0-2 24.00 101.00 125.00 OK
r-oldrel-macos-x86_64 3.0-2 OK
r-oldrel-windows-ix86+x86_64 3.0-2 20.00 71.00 91.00 OK

Check Details

Version: 3.0-2
Check: package dependencies
Result: NOTE
    Package suggested but not available for checking: ‘rsvg’
Flavor: r-patched-solaris-x86

Version: 3.0-2
Check: package dependencies
Result: NOTE
    Packages suggested but not available for checking: 'showtext', 'sysfonts'
Flavor: r-release-macos-arm64