CRAN Package Check Results for Package RGoogleAnalyticsPremium

Last updated on 2021-08-02 19:51:02 CEST.

Flavor Version Tinstall Tcheck Ttotal Status Flags
r-devel-linux-x86_64-debian-clang 0.1.1 3.96 38.46 42.42 NOTE
r-devel-linux-x86_64-debian-gcc 0.1.1 3.19 29.78 32.97 NOTE
r-devel-linux-x86_64-fedora-clang 0.1.1 58.14 NOTE
r-devel-linux-x86_64-fedora-gcc 0.1.1 47.67 NOTE
r-devel-windows-x86_64 0.1.1 6.00 64.00 70.00 NOTE
r-devel-windows-x86_64-gcc10-UCRT 0.1.1 NOTE
r-patched-linux-x86_64 0.1.1 NOTE
r-patched-solaris-x86 0.1.1 71.40 NOTE
r-release-linux-x86_64 0.1.1 3.80 36.66 40.46 NOTE
r-release-macos-arm64 0.1.1 NOTE
r-release-macos-x86_64 0.1.1 NOTE
r-release-windows-ix86+x86_64 0.1.1 9.00 44.00 53.00 NOTE
r-oldrel-macos-x86_64 0.1.1 OK
r-oldrel-windows-ix86+x86_64 0.1.1 7.00 54.00 61.00 OK

Check Details

Version: 0.1.1
Check: LazyData
Result: NOTE
     'LazyData' is specified without a 'data' directory
Flavors: r-devel-linux-x86_64-debian-clang, r-devel-linux-x86_64-debian-gcc, r-devel-linux-x86_64-fedora-clang, r-devel-linux-x86_64-fedora-gcc, r-devel-windows-x86_64, r-devel-windows-x86_64-gcc10-UCRT, r-patched-linux-x86_64, r-patched-solaris-x86, r-release-linux-x86_64, r-release-macos-arm64, r-release-macos-x86_64, r-release-windows-ix86+x86_64