CRAN Package Check Results for Package REPPlabShiny

Last updated on 2021-06-15 01:50:35 CEST.

Flavor Version Tinstall Tcheck Ttotal Status Flags
r-devel-linux-x86_64-debian-clang 0.4.1 5.60 49.19 54.79 NOTE
r-devel-linux-x86_64-debian-gcc 0.4.1 4.46 37.55 42.01 NOTE
r-devel-linux-x86_64-fedora-clang 0.4.1 77.73 NOTE
r-devel-linux-x86_64-fedora-gcc 0.4.1 66.43 NOTE
r-devel-windows-x86_64 0.4.1 9.00 70.00 79.00 NOTE
r-devel-windows-x86_64-gcc10-UCRT 0.4.1 NOTE
r-patched-linux-x86_64 0.4.1 4.59 47.12 51.71 NOTE
r-patched-solaris-x86 0.4.1 99.40 NOTE
r-release-linux-x86_64 0.4.1 5.20 47.41 52.61 NOTE
r-release-macos-arm64 0.4.1 ERROR
r-release-macos-x86_64 0.4.1 NOTE
r-release-windows-ix86+x86_64 0.4.1 16.00 73.00 89.00 NOTE
r-oldrel-macos-x86_64 0.4.1 OK
r-oldrel-windows-ix86+x86_64 0.4.1 19.00 75.00 94.00 OK

Check Details

Version: 0.4.1
Check: LazyData
Result: NOTE
     'LazyData' is specified without a 'data' directory
Flavors: r-devel-linux-x86_64-debian-clang, r-devel-linux-x86_64-debian-gcc, r-devel-linux-x86_64-fedora-clang, r-devel-linux-x86_64-fedora-gcc, r-devel-windows-x86_64, r-devel-windows-x86_64-gcc10-UCRT, r-patched-linux-x86_64, r-patched-solaris-x86, r-release-linux-x86_64, r-release-macos-x86_64, r-release-windows-ix86+x86_64

Version: 0.4.1
Check: whether package can be installed
Result: ERROR
    Installation failed.
Flavor: r-release-macos-arm64