CRAN Package Check Results for Package REBayes

Last updated on 2024-02-27 18:49:26 CET.

Flavor Version Tinstall Tcheck Ttotal Status Flags
r-devel-linux-x86_64-debian-clang 2.54 13.02 126.20 139.22 NOTE
r-devel-linux-x86_64-debian-gcc 2.54 8.53 98.13 106.66 NOTE
r-devel-windows-x86_64 2.54 10.00 171.00 181.00 OK
r-patched-linux-x86_64 2.54 14.46 125.49 139.95 OK
r-release-linux-x86_64 2.54 8.30 124.34 132.64 OK
r-release-macos-arm64 2.54 72.00 OK
r-release-macos-x86_64 2.54 131.00 OK
r-release-windows-x86_64 2.54 13.00 170.00 183.00 OK
r-oldrel-macos-arm64 2.54 62.00 OK
r-oldrel-windows-x86_64 2.54 13.00 167.00 180.00 OK

Check Details

Version: 2.54
Check: Rd files
Result: NOTE checkRd: (-1) BDGLmix.Rd:23: Lost braces; missing escapes or markup? 23 | An object of class {GLmix, density} with components: | ^ checkRd: (-1) Bmix.Rd:28: Lost braces in \itemize; \value handles \item{}{} directly checkRd: (-1) Bmix.Rd:29: Lost braces in \itemize; \value handles \item{}{} directly checkRd: (-1) Bmix.Rd:30: Lost braces in \itemize; \value handles \item{}{} directly checkRd: (-1) Bmix.Rd:31: Lost braces in \itemize; \value handles \item{}{} directly checkRd: (-1) Bmix.Rd:32: Lost braces in \itemize; \value handles \item{}{} directly checkRd: (-1) Bmix.Rd:33: Lost braces in \itemize; \value handles \item{}{} directly checkRd: (-1) Bmix.Rd:34: Lost braces in \itemize; \value handles \item{}{} directly checkRd: (-1) Gosset.Rd:9: Lost braces in \itemize; meant \describe ? checkRd: (-1) Gosset.Rd:10: Lost braces in \itemize; meant \describe ? checkRd: (-1) Guvenen.Rd:9: Lost braces in \itemize; meant \describe ? checkRd: (-1) Guvenen.Rd:10: Lost braces in \itemize; meant \describe ? checkRd: (-1) Norberg.Rd:9: Lost braces in \itemize; meant \describe ? checkRd: (-1) Norberg.Rd:10: Lost braces in \itemize; meant \describe ? checkRd: (-1) Norberg.Rd:11: Lost braces in \itemize; meant \describe ? checkRd: (-1) flies.Rd:9: Lost braces in \itemize; meant \describe ? checkRd: (-1) flies.Rd:10: Lost braces in \itemize; meant \describe ? checkRd: (-1) flies.Rd:11: Lost braces in \itemize; meant \describe ? checkRd: (-1) flies.Rd:12: Lost braces in \itemize; meant \describe ? checkRd: (-1) flies.Rd:13: Lost braces in \itemize; meant \describe ? checkRd: (-1) flies.Rd:14: Lost braces in \itemize; meant \describe ? checkRd: (-1) flies.Rd:15: Lost braces in \itemize; meant \describe ? checkRd: (-1) flies.Rd:16: Lost braces in \itemize; meant \describe ? checkRd: (-1) flies.Rd:17: Lost braces in \itemize; meant \describe ? checkRd: (-1) flies.Rd:18: Lost braces in \itemize; meant \describe ? checkRd: (-1) flies.Rd:19: Lost braces in \itemize; meant \describe ? checkRd: (-1) flies.Rd:20: Lost braces in \itemize; meant \describe ? checkRd: (-1) flies.Rd:21: Lost braces in \itemize; meant \describe ? checkRd: (-1) flies.Rd:22: Lost braces in \itemize; meant \describe ? checkRd: (-1) flies.Rd:23: Lost braces in \itemize; meant \describe ? checkRd: (-1) flies.Rd:24: Lost braces in \itemize; meant \describe ? checkRd: (-1) flies.Rd:25: Lost braces in \itemize; meant \describe ? checkRd: (-1) tacks.Rd:9: Lost braces in \itemize; meant \describe ? checkRd: (-1) tacks.Rd:10: Lost braces in \itemize; meant \describe ? checkRd: (-1) velo.Rd:9: Lost braces in \itemize; meant \describe ? Flavors: r-devel-linux-x86_64-debian-clang, r-devel-linux-x86_64-debian-gcc