CRAN Package Check Results for Package RDota2

Last updated on 2021-08-01 07:52:01 CEST.

Flavor Version Tinstall Tcheck Ttotal Status Flags
r-devel-linux-x86_64-debian-clang 0.1.6 2.44 29.15 31.59 NOTE
r-devel-linux-x86_64-debian-gcc 0.1.6 1.84 22.69 24.53 NOTE
r-devel-linux-x86_64-fedora-clang 0.1.6 46.76 NOTE
r-devel-linux-x86_64-fedora-gcc 0.1.6 37.10 NOTE
r-devel-windows-x86_64 0.1.6 3.00 67.00 70.00 NOTE
r-devel-windows-x86_64-gcc10-UCRT 0.1.6 NOTE
r-patched-linux-x86_64 0.1.6 NOTE
r-patched-solaris-x86 0.1.6 54.90 NOTE
r-release-linux-x86_64 0.1.6 2.27 27.91 30.18 NOTE
r-release-macos-arm64 0.1.6 NOTE
r-release-macos-x86_64 0.1.6 NOTE
r-release-windows-ix86+x86_64 0.1.6 5.00 49.00 54.00 NOTE
r-oldrel-macos-x86_64 0.1.6 OK
r-oldrel-windows-ix86+x86_64 0.1.6 4.00 48.00 52.00 OK

Check Details

Version: 0.1.6
Check: LazyData
Result: NOTE
     'LazyData' is specified without a 'data' directory
Flavors: r-devel-linux-x86_64-debian-clang, r-devel-linux-x86_64-debian-gcc, r-devel-linux-x86_64-fedora-clang, r-devel-linux-x86_64-fedora-gcc, r-devel-windows-x86_64, r-devel-windows-x86_64-gcc10-UCRT, r-patched-linux-x86_64, r-patched-solaris-x86, r-release-linux-x86_64, r-release-macos-arm64, r-release-macos-x86_64, r-release-windows-ix86+x86_64