CRAN Package Check Results for Package RDML

Last updated on 2021-06-21 01:49:32 CEST.

Flavor Version Tinstall Tcheck Ttotal Status Flags
r-devel-linux-x86_64-debian-clang 1.0 36.68 62.21 98.89 NOTE
r-devel-linux-x86_64-debian-gcc 1.0 26.71 46.77 73.48 NOTE
r-devel-linux-x86_64-fedora-clang 1.0 130.38 NOTE
r-devel-linux-x86_64-fedora-gcc 1.0 117.51 NOTE
r-devel-windows-x86_64 1.0 51.00 77.00 128.00 NOTE
r-devel-windows-x86_64-gcc10-UCRT 1.0 NOTE
r-patched-linux-x86_64 1.0 37.10 57.59 94.69 NOTE
r-patched-solaris-x86 1.0 143.70 NOTE
r-release-linux-x86_64 1.0 32.53 56.61 89.14 NOTE
r-release-macos-arm64 1.0 NOTE
r-release-macos-x86_64 1.0 NOTE
r-release-windows-ix86+x86_64 1.0 55.00 83.00 138.00 NOTE
r-oldrel-macos-x86_64 1.0 OK

Check Details

Version: 1.0
Check: LazyData
Result: NOTE
     'LazyData' is specified without a 'data' directory
Flavors: r-devel-linux-x86_64-debian-clang, r-devel-linux-x86_64-debian-gcc, r-devel-linux-x86_64-fedora-clang, r-devel-linux-x86_64-fedora-gcc, r-devel-windows-x86_64, r-devel-windows-x86_64-gcc10-UCRT, r-patched-linux-x86_64, r-patched-solaris-x86, r-release-linux-x86_64, r-release-macos-arm64, r-release-macos-x86_64, r-release-windows-ix86+x86_64

Version: 1.0
Check: package dependencies
Result: NOTE
    Packages suggested but not available for checking: 'shinyMolBio', 'V8'
Flavor: r-devel-windows-x86_64-gcc10-UCRT