CRAN Package Check Results for Package RCPmod

Last updated on 2023-01-31 19:07:34 CET.

Flavor Version Tinstall Tcheck Ttotal Status Flags
r-devel-linux-x86_64-debian-clang 2.192 27.26 87.89 115.15 NOTE
r-devel-linux-x86_64-debian-gcc 2.192 20.89 66.93 87.82 NOTE
r-devel-linux-x86_64-fedora-clang 2.192 157.58 NOTE
r-devel-linux-x86_64-fedora-gcc 2.192 136.85 NOTE
r-devel-windows-x86_64 2.192 42.00 128.00 170.00 NOTE
r-patched-linux-x86_64 2.192 21.32 86.72 108.04 OK
r-release-linux-x86_64 2.192 19.80 86.42 106.22 OK
r-release-macos-arm64 2.192 42.00 OK
r-release-macos-x86_64 2.192 56.00 OK
r-release-windows-x86_64 2.192 40.00 141.00 181.00 OK
r-oldrel-macos-arm64 2.192 42.00 OK
r-oldrel-macos-x86_64 2.192 57.00 OK
r-oldrel-windows-ix86+x86_64 2.192 58.00 147.00 205.00 OK

Additional issues

clang16 clang16

Check Details

Version: 2.192
Check: C++ specification
Result: NOTE
     Specified C++11: please update to current default of C++17
Flavors: r-devel-linux-x86_64-debian-clang, r-devel-linux-x86_64-debian-gcc, r-devel-linux-x86_64-fedora-clang, r-devel-linux-x86_64-fedora-gcc, r-devel-windows-x86_64