CRAN Package Check Results for Package RBNZ

Last updated on 2022-10-06 06:49:43 CEST.

Flavor Version Tinstall Tcheck Ttotal Status Flags
r-devel-linux-x86_64-debian-clang 1.1.0 6.06 46.70 52.76 NOTE
r-devel-linux-x86_64-debian-gcc 1.1.0 4.19 36.58 40.77 NOTE
r-devel-linux-x86_64-fedora-clang 1.1.0 77.27 NOTE
r-devel-linux-x86_64-fedora-gcc 1.1.0 73.69 NOTE
r-devel-windows-x86_64 1.1.0 16.00 87.00 103.00 NOTE
r-patched-linux-x86_64 1.1.0 6.38 42.41 48.79 NOTE
r-release-linux-x86_64 1.1.0 6.12 42.55 48.67 NOTE
r-release-macos-arm64 1.1.0 25.00 NOTE
r-release-macos-x86_64 1.1.0 43.00 NOTE
r-release-windows-x86_64 1.1.0 27.00 73.00 100.00 NOTE
r-oldrel-macos-arm64 1.1.0 26.00 NOTE
r-oldrel-macos-x86_64 1.1.0 39.00 NOTE
r-oldrel-windows-ix86+x86_64 1.1.0 13.00 66.00 79.00 NOTE

Check Details

Version: 1.1.0
Check: LazyData
Result: NOTE
     'LazyData' is specified without a 'data' directory
Flavors: r-devel-linux-x86_64-debian-clang, r-devel-linux-x86_64-debian-gcc, r-devel-linux-x86_64-fedora-clang, r-devel-linux-x86_64-fedora-gcc, r-devel-windows-x86_64, r-patched-linux-x86_64, r-release-linux-x86_64, r-release-macos-arm64, r-release-macos-x86_64, r-release-windows-x86_64, r-oldrel-macos-arm64, r-oldrel-macos-x86_64, r-oldrel-windows-ix86+x86_64