CRAN Package Check Results for Package R2jags

Last updated on 2021-09-16 07:50:05 CEST.

Flavor Version Tinstall Tcheck Ttotal Status Flags
r-devel-linux-x86_64-debian-clang 0.7-1 4.15 38.85 43.00 OK
r-devel-linux-x86_64-debian-gcc 0.7-1 3.44 29.50 32.94 OK
r-devel-linux-x86_64-fedora-clang 0.7-1 58.53 OK
r-devel-linux-x86_64-fedora-gcc 0.7-1 47.47 OK
r-devel-windows-x86_64 0.7-1 5.00 57.00 62.00 OK
r-devel-windows-x86_64-gcc10-UCRT 0.7-1 OK
r-patched-linux-x86_64 0.7-1 5.95 37.08 43.03 OK
r-patched-solaris-x86 0.7-1 87.40 OK
r-release-linux-x86_64 0.7-1 4.00 36.70 40.70 OK
r-release-macos-arm64 0.7-1 ERROR
r-release-macos-x86_64 0.7-1 OK
r-release-windows-ix86+x86_64 0.7-1 8.00 61.00 69.00 OK
r-oldrel-macos-x86_64 0.7-1 OK
r-oldrel-windows-ix86+x86_64 0.7-1 6.00 52.00 58.00 OK

Check Details

Version: 0.7-1
Check: package dependencies
Result: ERROR
    Package required but not available: ‘rjags’
    
    See section ‘The DESCRIPTION file’ in the ‘Writing R Extensions’
    manual.
Flavor: r-release-macos-arm64