CRAN Package Check Results for Package R2DT

Last updated on 2022-06-28 21:51:29 CEST.

Flavor Version Tinstall Tcheck Ttotal Status Flags
r-devel-linux-x86_64-debian-clang 0.2 3.22 36.48 39.70 NOTE
r-devel-linux-x86_64-debian-gcc 0.2 2.66 27.45 30.11 NOTE
r-devel-linux-x86_64-fedora-clang 0.2 59.80 NOTE
r-devel-linux-x86_64-fedora-gcc 0.2 60.05 NOTE
r-devel-windows-x86_64 0.2 12.00 60.00 72.00 NOTE
r-patched-linux-x86_64 0.2 3.12 34.62 37.74 NOTE
r-release-linux-x86_64 0.2 3.79 34.84 38.63 NOTE
r-release-macos-arm64 0.2 21.00 NOTE
r-release-macos-x86_64 0.2 25.00 NOTE
r-release-windows-x86_64 0.2 12.00 63.00 75.00 NOTE
r-oldrel-macos-arm64 0.2 28.00 NOTE
r-oldrel-macos-x86_64 0.2 34.00 NOTE
r-oldrel-windows-ix86+x86_64 0.2 9.00 58.00 67.00 NOTE

Additional issues

donttest

Check Details

Version: 0.2
Check: LazyData
Result: NOTE
     'LazyData' is specified without a 'data' directory
Flavors: r-devel-linux-x86_64-debian-clang, r-devel-linux-x86_64-debian-gcc, r-devel-linux-x86_64-fedora-clang, r-devel-linux-x86_64-fedora-gcc, r-devel-windows-x86_64, r-patched-linux-x86_64, r-release-linux-x86_64, r-release-macos-arm64, r-release-macos-x86_64, r-release-windows-x86_64, r-oldrel-macos-arm64, r-oldrel-macos-x86_64, r-oldrel-windows-ix86+x86_64