CRAN Package Check Results for Package R2BayesX

Last updated on 2021-06-24 01:50:31 CEST.

Flavor Version Tinstall Tcheck Ttotal Status Flags
r-devel-linux-x86_64-debian-clang 1.1-1 17.90 139.22 157.12 OK
r-devel-linux-x86_64-debian-gcc 1.1-1 17.55 104.95 122.50 OK
r-devel-linux-x86_64-fedora-clang 1.1-1 197.92 NOTE
r-devel-linux-x86_64-fedora-gcc 1.1-1 191.80 OK
r-devel-windows-x86_64 1.1-1 32.00 167.00 199.00 OK
r-devel-windows-x86_64-gcc10-UCRT 1.1-1 OK
r-patched-linux-x86_64 1.1-1 20.61 134.82 155.43 OK
r-patched-solaris-x86 1.1-1 253.00 OK
r-release-linux-x86_64 1.1-1 17.48 133.00 150.48 OK
r-release-macos-arm64 1.1-1 NOTE
r-release-macos-x86_64 1.1-1 OK
r-release-windows-ix86+x86_64 1.1-1 39.00 165.00 204.00 OK
r-oldrel-macos-x86_64 1.1-1 OK

Check Details

Version: 1.1-1
Check: Rd cross-references
Result: NOTE
    Undeclared package ‘fields’ in Rd xrefs
Flavor: r-devel-linux-x86_64-fedora-clang

Version: 1.1-1
Check: package dependencies
Result: NOTE
    Packages suggested but not available for checking: 'spdep', 'rgdal'
Flavor: r-release-macos-arm64