CRAN Package Check Results for Package R.matlab

Last updated on 2025-01-24 21:48:35 CET.

Flavor Version Tinstall Tcheck Ttotal Status Flags
r-devel-linux-x86_64-debian-clang 3.7.0 3.73 52.18 55.91 NOTE
r-devel-linux-x86_64-debian-gcc 3.7.0 3.23 35.82 39.05 NOTE
r-devel-linux-x86_64-fedora-clang 3.7.0 91.33 NOTE
r-devel-linux-x86_64-fedora-gcc 3.7.0 84.69 NOTE
r-devel-windows-x86_64 3.7.0 6.00 697.00 703.00 NOTE
r-patched-linux-x86_64 3.7.0 4.76 48.60 53.36 NOTE
r-release-linux-x86_64 3.7.0 4.17 48.99 53.16 NOTE
r-release-macos-arm64 3.7.0 30.00 NOTE
r-release-macos-x86_64 3.7.0 41.00 NOTE
r-release-windows-x86_64 3.7.0 8.00 690.00 698.00 NOTE
r-oldrel-macos-arm64 3.7.0 30.00 OK
r-oldrel-macos-x86_64 3.7.0 51.00 OK
r-oldrel-windows-x86_64 3.7.0 7.00 831.00 838.00 OK

Check Details

Version: 3.7.0
Check: Rd files
Result: NOTE checkRd: (-1) setOption.Matlab.Rd:37-39: Lost braces in \itemize; meant \describe ? checkRd: (-1) setOption.Matlab.Rd:40-41: Lost braces in \itemize; meant \describe ? Flavors: r-devel-linux-x86_64-debian-clang, r-devel-linux-x86_64-debian-gcc, r-devel-linux-x86_64-fedora-clang, r-devel-linux-x86_64-fedora-gcc, r-devel-windows-x86_64, r-patched-linux-x86_64, r-release-linux-x86_64, r-release-macos-arm64, r-release-macos-x86_64, r-release-windows-x86_64