CRAN Package Check Results for Package Quartet

Last updated on 2022-09-30 00:49:23 CEST.

Flavor Version Tinstall Tcheck Ttotal Status Flags
r-devel-linux-x86_64-debian-clang 1.2.5 119.89 101.21 221.10 OK
r-devel-linux-x86_64-debian-gcc 1.2.5 93.40 79.74 173.14 OK
r-devel-linux-x86_64-fedora-clang 1.2.5 353.39 OK
r-devel-linux-x86_64-fedora-gcc 1.2.5 306.89 OK
r-devel-windows-x86_64 1.2.5 239.00 187.00 426.00 OK
r-patched-linux-x86_64 1.2.5 93.83 100.68 194.51 OK
r-release-linux-x86_64 1.2.5 93.88 99.21 193.09 OK
r-release-macos-arm64 1.2.5 84.00 OK
r-release-macos-x86_64 1.2.5 104.00 OK
r-release-windows-x86_64 1.2.5 119.00 204.00 323.00 ERROR
r-oldrel-macos-arm64 1.2.5 80.00 OK
r-oldrel-macos-x86_64 1.2.5 107.00 OK
r-oldrel-windows-ix86+x86_64 1.2.5 288.00 216.00 504.00 OK

Check Details

Version: 1.2.5
Check: re-building of vignette outputs
Result: ERROR
    Error(s) in re-building vignettes:
    --- re-building 'Quartet-Distance.Rmd' using rmarkdown
    Could not fetch https://raw.githubusercontent.com/citation-style-language/styles/master/apa-old-doi-prefix.csl
    HttpExceptionRequest Request {
     host = "raw.githubusercontent.com"
     port = 443
     secure = True
     requestHeaders = []
     path = "/citation-style-language/styles/master/apa-old-doi-prefix.csl"
     queryString = ""
     method = "GET"
     proxy = Nothing
     rawBody = False
     redirectCount = 10
     responseTimeout = ResponseTimeoutDefault
     requestVersion = HTTP/1.1
    }
     ConnectionTimeout
    Error: processing vignette 'Quartet-Distance.Rmd' failed with diagnostics:
    pandoc document conversion failed with error 61
    --- failed re-building 'Quartet-Distance.Rmd'
    
    --- re-building 'Using-Quartet.Rmd' using rmarkdown
    --- finished re-building 'Using-Quartet.Rmd'
    
    SUMMARY: processing the following file failed:
     'Quartet-Distance.Rmd'
    
    Error: Vignette re-building failed.
    Execution halted
Flavor: r-release-windows-x86_64