CRAN Package Check Results for Package QuantNorm

Last updated on 2024-06-13 06:58:14 CEST.

Flavor Version Tinstall Tcheck Ttotal Status Flags
r-devel-linux-x86_64-debian-clang 1.0.5 2.17 31.28 33.45 OK
r-devel-linux-x86_64-debian-gcc 1.0.5 1.81 21.43 23.24 ERROR
r-devel-linux-x86_64-fedora-clang 1.0.5 43.30 OK
r-devel-linux-x86_64-fedora-gcc 1.0.5 52.07 OK
r-devel-windows-x86_64 1.0.5 4.00 44.00 48.00 OK
r-patched-linux-x86_64 1.0.5 2.36 31.43 33.79 OK
r-release-linux-x86_64 1.0.5 2.99 31.54 34.53 OK
r-release-macos-arm64 1.0.5 23.00 OK
r-release-macos-x86_64 1.0.5 32.00 OK
r-release-windows-x86_64 1.0.5 3.00 47.00 50.00 OK
r-oldrel-macos-arm64 1.0.5 23.00 OK
r-oldrel-macos-x86_64 1.0.5 35.00 OK
r-oldrel-windows-x86_64 1.0.5 4.00 51.00 55.00 OK

Check Details

Version: 1.0.5
Check: package dependencies
Result: NOTE Packages suggested but not available for checking: 'GGally', 'ggplot2', 'network', 'sna' Flavor: r-devel-linux-x86_64-debian-gcc

Version: 1.0.5
Check: examples
Result: ERROR Running examples in ‘QuantNorm-Ex.R’ failed The error most likely occurred in: > base::assign(".ptime", proc.time(), pos = "CheckExEnv") > ### Name: connection.matrix > ### Title: Construct connection matrix for network analysis > ### Aliases: connection.matrix > > ### ** Examples > > > library(network); library(ggplot2); library(sna); library(GGally) #drawing network graph Error in library(network) : there is no package called ‘network’ Execution halted Flavor: r-devel-linux-x86_64-debian-gcc