CRAN Package Check Results for Package QRAGadget

Last updated on 2022-09-28 06:54:15 CEST.

Flavor Version Tinstall Tcheck Ttotal Status Flags
r-devel-linux-x86_64-debian-clang 0.1.0 30.34 263.54 293.88 NOTE
r-devel-linux-x86_64-debian-gcc 0.1.0 24.55 196.81 221.36 NOTE
r-devel-linux-x86_64-fedora-clang 0.1.0 366.96 NOTE
r-devel-linux-x86_64-fedora-gcc 0.1.0 350.76 NOTE
r-devel-windows-x86_64 0.1.0 33.00 265.00 298.00 NOTE
r-patched-linux-x86_64 0.1.0 24.99 254.91 279.90 NOTE
r-release-linux-x86_64 0.1.0 25.07 260.38 285.45 NOTE
r-release-macos-arm64 0.1.0 71.00 NOTE
r-release-macos-x86_64 0.1.0 132.00 NOTE
r-release-windows-x86_64 0.1.0 32.00 263.00 295.00 NOTE
r-oldrel-macos-arm64 0.1.0 42.00 NOTE
r-oldrel-macos-x86_64 0.1.0 56.00 NOTE
r-oldrel-windows-ix86+x86_64 0.1.0 67.00 262.00 329.00 NOTE

Check Details

Version: 0.1.0
Check: LazyData
Result: NOTE
     'LazyData' is specified without a 'data' directory
Flavors: r-devel-linux-x86_64-debian-clang, r-devel-linux-x86_64-debian-gcc, r-devel-linux-x86_64-fedora-clang, r-devel-linux-x86_64-fedora-gcc, r-devel-windows-x86_64, r-patched-linux-x86_64, r-release-linux-x86_64, r-release-macos-arm64, r-release-macos-x86_64, r-release-windows-x86_64, r-oldrel-macos-arm64, r-oldrel-macos-x86_64, r-oldrel-windows-ix86+x86_64