CRAN Package Check Results for Package QGameTheory

Last updated on 2022-10-06 06:49:43 CEST.

Flavor Version Tinstall Tcheck Ttotal Status Flags
r-devel-linux-x86_64-debian-clang 0.1.2 8.55 66.25 74.80 NOTE
r-devel-linux-x86_64-debian-gcc 0.1.2 6.28 48.11 54.39 NOTE
r-devel-linux-x86_64-fedora-clang 0.1.2 101.75 NOTE
r-devel-linux-x86_64-fedora-gcc 0.1.2 94.39 NOTE
r-devel-windows-x86_64 0.1.2 56.00 94.00 150.00 NOTE
r-patched-linux-x86_64 0.1.2 6.35 60.78 67.13 NOTE
r-release-linux-x86_64 0.1.2 7.47 60.26 67.73 NOTE
r-release-macos-arm64 0.1.2 28.00 NOTE
r-release-macos-x86_64 0.1.2 50.00 NOTE
r-release-windows-x86_64 0.1.2 41.00 87.00 128.00 NOTE
r-oldrel-macos-arm64 0.1.2 31.00 NOTE
r-oldrel-macos-x86_64 0.1.2 41.00 NOTE
r-oldrel-windows-ix86+x86_64 0.1.2 17.00 89.00 106.00 NOTE

Check Details

Version: 0.1.2
Check: LazyData
Result: NOTE
     'LazyData' is specified without a 'data' directory
Flavors: r-devel-linux-x86_64-debian-clang, r-devel-linux-x86_64-debian-gcc, r-devel-linux-x86_64-fedora-clang, r-devel-linux-x86_64-fedora-gcc, r-devel-windows-x86_64, r-patched-linux-x86_64, r-release-linux-x86_64, r-release-macos-arm64, r-release-macos-x86_64, r-release-windows-x86_64, r-oldrel-macos-arm64, r-oldrel-macos-x86_64, r-oldrel-windows-ix86+x86_64