CRAN Package Check Results for Package QCAcluster

Last updated on 2022-06-25 12:54:31 CEST.

Flavor Version Tinstall Tcheck Ttotal Status Flags
r-devel-linux-x86_64-debian-clang 0.1.0 7.98 225.18 233.16 OK
r-devel-linux-x86_64-debian-gcc 0.1.0 6.28 159.45 165.73 OK
r-devel-linux-x86_64-fedora-clang 0.1.0 273.02 NOTE
r-devel-linux-x86_64-fedora-gcc 0.1.0 298.10 NOTE
r-devel-windows-x86_64 0.1.0 23.00 255.00 278.00 OK
r-patched-linux-x86_64 0.1.0 11.16 209.93 221.09 OK
r-release-linux-x86_64 0.1.0 6.55 210.82 217.37 OK
r-release-macos-arm64 0.1.0 56.00 NOTE
r-release-macos-x86_64 0.1.0 106.00 NOTE
r-release-windows-x86_64 0.1.0 39.00 262.00 301.00 OK
r-oldrel-macos-arm64 0.1.0 60.00 NOTE
r-oldrel-macos-x86_64 0.1.0 76.00 NOTE
r-oldrel-windows-ix86+x86_64 0.1.0 24.00 261.00 285.00 OK

Check Details

Version: 0.1.0
Check: dependencies in R code
Result: NOTE
    Namespace in Imports field not imported from: ‘data.table’
     All declared Imports should be used.
Flavors: r-devel-linux-x86_64-fedora-clang, r-devel-linux-x86_64-fedora-gcc, r-release-macos-arm64, r-release-macos-x86_64, r-oldrel-macos-arm64, r-oldrel-macos-x86_64